.
15
Calculate the remainder when 1051 is divided by 522.
7
Calculate the remainder when 1161 is divided by 21.
6
Calculate the remainder when 433 is divided by 212.
9
What is the remainder when 12918 is divided by 10?
8
What is the remainder when 868 is divided by 418?
32
What is the remainder when 1277 is divided by 35?
17
Calculate the remainder when 3524 is divided by 36.
32
Calculate the remainder when 90 is divided by 51.
39
Calculate the remainder when 56 is divided by 12.
8
Calculate the remainder when 6042 is divided by 155.
152
What is the remainder when 2158 is divided by 21?
16
Calculate the remainder when 481 is divided by 113.
29
What is the remainder when 10801 is divided by 146?
143
Calculate the remainder when 87 is divided by 25.
12
What is the remainder when 41582 is divided by 184?
182
Calculate the remainder when 219 is divided by 171.
48
Calculate the remainder when 26194 is divided by 177.
175
What is the remainder when 165 is divided by 22?
11
What is the remainder when 109 is divided by 8?
5
Calculate the remainder when 336 is divided by 44.
28
Calculate the remainder when 260 is divided by 88.
84
Calculate the remainder when 74 is divided by 19.
17
Calculate the remainder when 9205 is divided by 93.
91
What is the remainder when 20 is divided by 12?
8
What is the remainder when 675 is divided by 40?
35
Calculate the remainder when 2292 is divided by 9.
6
What is the remainder when 69 is divided by 24?
21
Calculate the remainder when 133 is divided by 50.
33
What is the remainder when 73 is divided by 19?
16
Calculate the remainder when 9 is divided by 6.
3
What is the remainder when 1449 is divided by 162?
153
Calculate the remainder when 73 is divided by 4.
1
Calculate the remainder when 1379 is divided by 20.
19
What is the remainder when 152 is divided by 26?
22
Calculate the remainder when 478 is divided by 15.
13
What is the remainder when 77 is divided by 13?
12
What is the remainder when 69 is divided by 28?
13
Calculate the remainder when 33 is divided by 12.
9
What is the remainder when 837 is divided by 262?
51
What is the remainder when 420 is divided by 147?
126
What is the remainder when 10477 is divided by 223?
219
Calculate the remainder when 1405 is divided by 321.
121
What is the remainder when 138 is divided by 40?
18
What is the remainder when 96 is divided by 46?
4
What is the remainder when 496 is divided by 142?
70
Calculate the remainder when 147 is divided by 72.
3
What is the remainder when 108 is divided by 25?
8
Calculate the remainder when 559 is divided by 14.
13
What is the remainder when 430 is divided by 144?
142
What is the remainder when 519 is divided by 137?
108
Calculate the remainder when 909 is divided by 12.
9
What is the remainder when 1195 is divided by 99?
7
What is the remainder when 40 is divided by 21?
19
Calculate the remainder when 262 is divided by 24.
22
What is the remainder when 289 is divided by 94?
7
Calculate the remainder when 509 is divided by 30.
29
Calculate the remainder when 57 is divided by 15.
12
Calculate the remainder when 835 is divided by 31.
29
What is the remainder when 2349 is divided by 28?
25
Calculate the remainder when 967 is divided by 18.
13
Calculate the remainder when 238 is divided by 64.
46
Calculate the remainder when 1100 is divided by 184.
180
What is the remainder when 14073 is divided by 46?
43
Calculate the remainder when 1287 is divided by 92.
91
Calculate the remainder when 239 is divided by 24.
23
What is the remainder when 524 is divided by 61?
36
What is the remainder when 955 is divided by 23?
12
Calculate the remainder when 4317 is divided by 40.
37
Calculate the remainder when 707 is divided by 170.
27
What is the remainder when 11589 is divided by 10?
9
What is the remainder when 1251 is divided by 399?
54
Calculate the remainder when 4534 is divided by 89.
84
Calculate the remainder when 53 is divided by 14.
11
Calculate the remainder when 4652 is divided by 141.
140
Calculate the remainder when 117 is divided by 66.
51
What is the remainder when 82 is divided by 18?
10
Calculate the remainder when 12574 is divided by 12.
10
Calculate the remainder when 177 is divided by 37.
29
What is the remainder when 27715 is divided by 41?
40
Calculate the remainder when 506 is divided by 132.
110
What is the remainder when 1017 is divided by 68?
65
Calculate the remainder when 920 is divided by 137.
98
Calculate the remainder when 5668 is divided by 2831.
6
What is the remainder when 16269 is divided by 16?
13
What is the remainder when 86 is divided by 81?
5
Calculate the remainder when 395 is divided by 21.
17
What is the remainder when 624 is divided by 80?
64
Calculate the remainder when 355 is divided by 60.
55
Calculate the remainder when 218 is divided by 77.
64
What is the remainder when 77 is divided by 6?
5
What is the remainder when 119 is divided by 64?
55
What is the remainder when 513 is divided by 157?
42
What is the remainder when 3630 is divided by 1811?
8
Calculate the remainder when 444 is divided by 202.
40
Calculate the remainder when 104 is divided by 65.
39
Calculate the remainder when 3585 is divided by 92.
89
What is the remainder when 195 is divided by 22?
19
What is the remainder when 1261 is divided by 98?
85
Calculate the remainder when 1160 is divided by 96.
8
Calculate the remainder when 5512 is divided by 29.
2
What is the remainder when 103 is divided by 24?
7
Calculate the remainder when 238 is divided by 51.
34
Calculate the remainder when 502 is divided by 216.
70
Calculate the remainder when 794 is divided by 246.
56
What is the remainder when 35 is divided by 16?
3
What is the remainder when 44 is divided by 23?
21
What is the remainder when 2724 is divided by 76?
64
Calculate the remainder when 28 is divided by 26.
2
What is the remainder when 24 is divided by 7?
3
What is the remainder when 120 is divided by 25?
20
What is the remainder when 2004 is divided by 118?
116
What is the remainder when 346 is divided by 87?
85
Calculate the remainder when 862 is divided by 8.
6
Calculate the remainder when 1891 is divided by 24.
19
What is the remainder when 617 is divided by 217?
183
Calculate the remainder when 268 is divided by 52.
8
Calculate the remainder when 2186 is divided by 9.
8
Calculate the remainder when 117 is divided by 64.
53
What is the remainder when 66 is divided by 34?
32
What is the remainder when 917 is divided by 239?
200
Calculate the remainder when 40 is divided by 9.
4
What is the remainder when 105 is divided by 9?
6
What is the remainder when 403 is divided by 101?
100
What is the remainder when 430 is divided by 76?
50
Calculate the remainder when 134 is divided by 37.
23
What is the remainder when 307 is divided by 103?
101
Calculate the remainder when 152 is divided by 17.
16
What is the remainder when 508 is divided by 64?
60
What is the remainder when 9809 is divided by 45?
44
Calculate the remainder when 128 is divided by 43.
42
What is the remainder when 26694 is divided by 142?
140
Calculate the remainder when 13694 is divided by 249.
248
Calculate the remainder when 112 is divided by 80.
32
Calculate the remainder when 2130 is divided by 213.
0
Calculate the remainder when 9619 is divided by 5.
4
What is the remainder when 215 is divided by 44?
39
What is the remainder when 94 is divided by 25?
19
Calculate the remainder when 1355 is divided by 266.
25
What is the remainder when 60 is divided by 11?
5
Calculate the remainder when 86 is divided by 25.
11
What is the remainder when 4038 is divided by 94?
90
Calculate the remainder when 2301 is divided by 14.
5
Calculate the remainder when 2661 is divided by 74.
71
What is the remainder when 291 is divided by 141?
9
Calculate the remainder when 28 is divided by 19.
9
What is the remainder when 425 is divided by 60?
5
Calculate the remainder when 84 is divided by 9.
3
Calculate the remainder when 3210 is divided by 21.
18
Calculate the remainder when 139 is divided by 35.
34
What is the remainder when 134 is divided by 31?
10
Calculate the remainder when 102 is divided by 76.
26
What is the remainder when 550 is divided by 172?
34
What is the remainder when 69 is divided by 8?
5
What is the remainder when 3241 is d